{"id":2,"date":"2026-03-04T08:22:26","date_gmt":"2026-03-04T07:22:26","guid":{"rendered":"https:\/\/prinzip3d.de\/frangipani\/?page_id=2"},"modified":"2026-03-04T09:02:14","modified_gmt":"2026-03-04T08:02:14","slug":"beispiel-seite","status":"publish","type":"page","link":"https:\/\/prinzip3d.de\/frangipani\/beispiel-seite\/","title":{"rendered":"Willkommen und Bon Bini!"},"content":{"rendered":"\n<p>Geht das, sich im Urlaub gleich heimisch f\u00fchlen? Ja, bei uns ganz bestimmt: <br>Unsere Anlage liegt \u00f6stlich von Willemstad am Spanish Water in Jan Sofat \u2013 einem Wohngebiet mit privatem Zugang \u2013 und verzaubert durch ihren famili\u00e4ren Reiz und beschauliche Gr\u00f6\u00dfe. Das Grundst\u00fcck bietet jede Menge R\u00fcckzugsm\u00f6glichkeiten und gleichzeitig so viel gemeinsam genutzte Fl\u00e4chen, dass Sie bei uns Ihren Urlaub entspannt genie\u00dfen k\u00f6nnen.<\/p>\n\n\n\n<p><\/p>\n","protected":false},"excerpt":{"rendered":"<p>Geht das, sich im Urlaub gleich heimisch f\u00fchlen? Ja, bei uns ganz bestimmt: Unsere Anlage liegt \u00f6stlich von Willemstad am Spanish Water in Jan Sofat \u2013 einem Wohngebiet mit privatem Zugang \u2013 und verzaubert durch ihren famili\u00e4ren Reiz und beschauliche Gr\u00f6\u00dfe. Das Grundst\u00fcck bietet jede Menge R\u00fcckzugsm\u00f6glichkeiten und gleichzeitig so viel gemeinsam genutzte Fl\u00e4chen, dass [&hellip;]<\/p>\n","protected":false},"author":1,"featured_media":0,"parent":0,"menu_order":0,"comment_status":"closed","ping_status":"open","template":"","meta":{"footnotes":""},"class_list":["post-2","page","type-page","status-publish","hentry"],"_links":{"self":[{"href":"https:\/\/prinzip3d.de\/frangipani\/wp-json\/wp\/v2\/pages\/2","targetHints":{"allow":["GET"]}}],"collection":[{"href":"https:\/\/prinzip3d.de\/frangipani\/wp-json\/wp\/v2\/pages"}],"about":[{"href":"https:\/\/prinzip3d.de\/frangipani\/wp-json\/wp\/v2\/types\/page"}],"author":[{"embeddable":true,"href":"https:\/\/prinzip3d.de\/frangipani\/wp-json\/wp\/v2\/users\/1"}],"replies":[{"embeddable":true,"href":"https:\/\/prinzip3d.de\/frangipani\/wp-json\/wp\/v2\/comments?post=2"}],"version-history":[{"count":2,"href":"https:\/\/prinzip3d.de\/frangipani\/wp-json\/wp\/v2\/pages\/2\/revisions"}],"predecessor-version":[{"id":15,"href":"https:\/\/prinzip3d.de\/frangipani\/wp-json\/wp\/v2\/pages\/2\/revisions\/15"}],"wp:attachment":[{"href":"https:\/\/prinzip3d.de\/frangipani\/wp-json\/wp\/v2\/media?parent=2"}],"curies":[{"name":"wp","href":"https:\/\/api.w.org\/{rel}","templated":true}]}}